{"id":70354,"date":"2023-06-15T10:23:58","date_gmt":"2023-06-15T09:23:58","guid":{"rendered":"https:\/\/urbango.hu\/?page_id=70354"},"modified":"2026-02-10T12:51:00","modified_gmt":"2026-02-10T11:51:00","slug":"nyaralgo","status":"publish","type":"page","link":"https:\/\/urbango.hu\/en\/nyaralgo\/","title":{"rendered":"NyaralGo"},"content":{"rendered":"<h4 class=\"wp-block-heading has-text-align-center\">Nyaral\u00e1s alatt v\u00e9gre egy\u00fctt a csal\u00e1d \u00e9s a f\u00fcrd\u00e9st, napoz\u00e1st szeretn\u00e9tek kieg\u00e9sz\u00edteni egy gondolkodtat\u00f3, izgalmas \u00e9s egyedi j\u00e1t\u00e9kkal?<\/h4>\n\n\n\n<p><\/p>\n\n\n\n<h4 class=\"wp-block-heading has-text-align-center\">Most ny\u00e1ron v\u00e9gre \u00f6sszej\u00f6tt, hogy megl\u00e1togatj\u00e1tok r\u00e9gi csal\u00e1di bar\u00e1taitokat a gyerekekkel, \u00e9s  kicsit tartotok a kezdeti feszeng\u00e9st\u0151l a gyerekek k\u00f6z\u00f6tt? J\u00f3 j\u00f6nne valami, ami feloldja ezt?<\/h4>\n\n\n\n<p><\/p>\n\n\n\n<h4 class=\"wp-block-heading has-text-align-center\">Ny\u00e1ron van a sz\u00fclinapja a gyereketeknek? Bar\u00e1tok szanasz\u00e9t? J\u00f3l j\u00f6nne valami, ami m\u00e9gis felvillanyozza az \u00fcnnepeltet? Valami egyedi, ami eml\u00e9kezetess\u00e9 teszi a nagy napot? <\/h4>\n\n\n\n<p><\/p>\n\n\n\n<h4 class=\"wp-block-heading has-text-align-center\">Bev\u00e1llaltatok egy siserehad kiskamaszt p\u00e1r napra? J\u00f3l j\u00f6nne valami izgi program? <\/h4>\n\n\n\n<p><\/p>\n\n\n\n<h4 class=\"wp-block-heading has-text-align-center\">Vagy egyszer\u0171en csak valami nagyon men\u0151, otthoni programra v\u00e1gytok, amit az eg\u00e9sz csal\u00e1d tud egy\u00fctt j\u00e1tszani?<\/h4>\n\n\n\n<p><\/p>\n\n\n\n<h2 class=\"wp-block-heading has-text-align-center\">Ha a v\u00e1lasz ak\u00e1r csak egyre is IGEN, akkor NYARALGO!!!<\/h2>\n\n\n\n<h2 class=\"wp-block-heading has-text-align-center\">Az UrbanGo kincskeres\u0151f\u00fczete, ami izgalmas \u00e9s \u00e9rtelmes ny\u00e1ri kikapcsol\u00f3d\u00e1st ny\u00fajt az eg\u00e9sz csal\u00e1d sz\u00e1m\u00e1ra.<\/h2>\n\n\n\n<figure class=\"wp-block-embed is-type-video is-provider-youtube wp-block-embed-youtube wp-embed-aspect-16-9 wp-has-aspect-ratio\"><div class=\"wp-block-embed__wrapper\">\n<iframe loading=\"lazy\" title=\"NyaralGo\" width=\"500\" height=\"281\" src=\"https:\/\/www.youtube.com\/embed\/O8H-w1js1xg?feature=oembed\" frameborder=\"0\" allow=\"accelerometer; autoplay; clipboard-write; encrypted-media; gyroscope; picture-in-picture; web-share\" referrerpolicy=\"strict-origin-when-cross-origin\" allowfullscreen><\/iframe>\n<\/div><\/figure>\n\n\n\n<p><\/p>\n\n\n\n<p>Kincskeres\u0151f\u00fczet\u00fcnk&nbsp;<strong>12 vadi \u00faj feladv\u00e1nyt \u00e9s kieg\u00e9sz\u00edt\u0151ket tartalmaz<\/strong>.&nbsp;Nagyj\u00e1b\u00f3l 2 \u00f3ra j\u00e1t\u00e9kid\u0151vel kalkul\u00e1lhattok, ha gyerekek \u00e9s sz\u00fcl\u0151k egy\u00fctt j\u00e1tsz\u00e1tok. De igaz\u00e1b\u00f3l b\u00e1rmikor f\u00e9lbe is hagyhatj\u00e1tok, elmehettek csobbani egyet \u00e9s ut\u00e1na folytathatj\u00e1tok.<\/p>\n\n\n\n<p><strong>Meglepet\u00e9sk\u00e9nt a kedvenc gyerekkori j\u00e1t\u00e9kainkb\u00f3l is megosztottunk Veletek p\u00e1rat, <\/strong>k\u00f6zt\u00fck vannak ismertek is, csak tal\u00e1n kicsit m\u00e9ltatlanul elfeledettek. Ezeket a f\u00fczet m\u00e1sodik fel\u00e9ben tal\u00e1lj\u00e1tok majd.&nbsp;<strong>9 csal\u00e1di j\u00e1t\u00e9k, amikkel a sz\u00fcnet alatt t\u00f6bbsz\u00f6r is lehet j\u00e1tszani!<\/strong> Sz\u00f3val nem egy alkalomra sz\u00f3l csak a NyaralGo!<\/p>\n\n\n\n<p>A 9 csal\u00e1di j\u00e1t\u00e9k z\u00f6m\u00e9t b\u00e1rhol lehet j\u00e1tszani, \u00edgy gondoltunk arra is, hogy mindig magatokkal tudj\u00e1tok vinni.<\/p>\n\n\n\n<p>Term\u00e9szetesen<strong>&nbsp;kincsr\u0151l is <\/strong>gondoskodunk!<\/p>\n\n\n\n<p><\/p>\n\n\n\n<p><strong>A NyaralG\u00f3t 10 \u00e9ves kort\u00f3l aj\u00e1nljuk!!<\/strong><\/p>\n\n\n\n<p><strong>NyaralaGo \u00e1ra 19.500 Ft, mely tartalmazza a sz\u00e1ll\u00edt\u00e1st is a v\u00e1lasztott Foxpost automat\u00e1ba!<\/strong><\/p>","protected":false},"excerpt":{"rendered":"<p>Nyaral\u00e1s alatt v\u00e9gre egy\u00fctt a csal\u00e1d \u00e9s a f\u00fcrd\u00e9st, napoz\u00e1st szeretn\u00e9tek kieg\u00e9sz\u00edteni egy gondolkodtat\u00f3, izgalmas \u00e9s egyedi j\u00e1t\u00e9kkal? Most ny\u00e1ron v\u00e9gre \u00f6sszej\u00f6tt, hogy megl\u00e1togatj\u00e1tok r\u00e9gi csal\u00e1di bar\u00e1taitokat a gyerekekkel, \u00e9s kicsit tartotok a kezdeti feszeng\u00e9st\u0151l a gyerekek k\u00f6z\u00f6tt? J\u00f3 j\u00f6nne valami, ami feloldja ezt? Ny\u00e1ron van a sz\u00fclinapja a gyereketeknek? Bar\u00e1tok szanasz\u00e9t? J\u00f3l j\u00f6nne valami, [&hellip;]<\/p>","protected":false},"author":1,"featured_media":70355,"parent":0,"menu_order":0,"comment_status":"closed","ping_status":"closed","template":"nyaralgo.php","meta":{"_acf_changed":false,"footnotes":""},"class_list":["post-70354","page","type-page","status-publish","has-post-thumbnail","hentry"],"acf":[],"_links":{"self":[{"href":"https:\/\/urbango.hu\/en\/wp-json\/wp\/v2\/pages\/70354","targetHints":{"allow":["GET"]}}],"collection":[{"href":"https:\/\/urbango.hu\/en\/wp-json\/wp\/v2\/pages"}],"about":[{"href":"https:\/\/urbango.hu\/en\/wp-json\/wp\/v2\/types\/page"}],"author":[{"embeddable":true,"href":"https:\/\/urbango.hu\/en\/wp-json\/wp\/v2\/users\/1"}],"replies":[{"embeddable":true,"href":"https:\/\/urbango.hu\/en\/wp-json\/wp\/v2\/comments?post=70354"}],"version-history":[{"count":31,"href":"https:\/\/urbango.hu\/en\/wp-json\/wp\/v2\/pages\/70354\/revisions"}],"predecessor-version":[{"id":73879,"href":"https:\/\/urbango.hu\/en\/wp-json\/wp\/v2\/pages\/70354\/revisions\/73879"}],"wp:featuredmedia":[{"embeddable":true,"href":"https:\/\/urbango.hu\/en\/wp-json\/wp\/v2\/media\/70355"}],"wp:attachment":[{"href":"https:\/\/urbango.hu\/en\/wp-json\/wp\/v2\/media?parent=70354"}],"curies":[{"name":"wp","href":"https:\/\/api.w.org\/{rel}","templated":true}]}}

<h4 class="wp-block-heading has-text-align-center">Nyaralás alatt végre együtt a család és a fürdést, napozást szeretnétek kiegészíteni egy gondolkodtató, izgalmas és egyedi játékkal?</h4>



<p></p>



<h4 class="wp-block-heading has-text-align-center">Most nyáron végre összejött, hogy meglátogatjátok régi családi barátaitokat a gyerekekkel, és  kicsit tartotok a kezdeti feszengéstől a gyerekek között? Jó jönne valami, ami feloldja ezt?</h4>



<p></p>



<h4 class="wp-block-heading has-text-align-center">Nyáron van a szülinapja a gyereketeknek? Barátok szanaszét? Jól jönne valami, ami mégis felvillanyozza az ünnepeltet? Valami egyedi, ami emlékezetessé teszi a nagy napot? </h4>



<p></p>



<h4 class="wp-block-heading has-text-align-center">Bevállaltatok egy siserehad kiskamaszt pár napra? Jól jönne valami izgi program? </h4>



<p></p>



<h4 class="wp-block-heading has-text-align-center">Vagy egyszerűen csak valami nagyon menő, otthoni programra vágytok, amit az egész család tud együtt játszani?</h4>



<p></p>



<h2 class="wp-block-heading has-text-align-center">Ha a válasz akár csak egyre is IGEN, akkor NYARALGO!!!</h2>



<h2 class="wp-block-heading has-text-align-center">Az UrbanGo kincskeresőfüzete, ami izgalmas és értelmes nyári kikapcsolódást nyújt az egész család számára.</h2>



<figure class="wp-block-embed is-type-video is-provider-youtube wp-block-embed-youtube wp-embed-aspect-16-9 wp-has-aspect-ratio"><div class="wp-block-embed__wrapper">
<iframe loading="lazy" title="NyaralGo" width="500" height="281" src="https://www.youtube.com/embed/O8H-w1js1xg?feature=oembed" frameborder="0" allow="accelerometer; autoplay; clipboard-write; encrypted-media; gyroscope; picture-in-picture; web-share" referrerpolicy="strict-origin-when-cross-origin" allowfullscreen></iframe>
</div></figure>



<p></p>



<p>Kincskeresőfüzetünk&nbsp;<strong>12 vadi új feladványt és kiegészítőket tartalmaz</strong>.&nbsp;Nagyjából 2 óra játékidővel kalkulálhattok, ha gyerekek és szülők együtt játszátok. De igazából bármikor félbe is hagyhatjátok, elmehettek csobbani egyet és utána folytathatjátok.</p>



<p><strong>Meglepetésként a kedvenc gyerekkori játékainkból is megosztottunk Veletek párat, </strong>köztük vannak ismertek is, csak talán kicsit méltatlanul elfeledettek. Ezeket a füzet második felében találjátok majd.&nbsp;<strong>9 családi játék, amikkel a szünet alatt többször is lehet játszani!</strong> Szóval nem egy alkalomra szól csak a NyaralGo!</p>



<p>A 9 családi játék zömét bárhol lehet játszani, így gondoltunk arra is, hogy mindig magatokkal tudjátok vinni.</p>



<p>Természetesen<strong>&nbsp;kincsről is </strong>gondoskodunk!</p>



<p></p>



<p><strong>A NyaralGót 10 éves kortól ajánljuk!!</strong></p>



<p><strong>NyaralaGo ára 19.500 Ft, mely tartalmazza a szállítást is a választott Foxpost automatába!</strong></p>

<p>Nyaralás alatt végre együtt a család és a fürdést, napozást szeretnétek kiegészíteni egy gondolkodtató, izgalmas és egyedi játékkal? Most nyáron végre összejött, hogy meglátogatjátok régi családi barátaitokat a gyerekekkel, és kicsit tartotok a kezdeti feszengéstől a gyerekek között? Jó jönne valami, ami feloldja ezt? Nyáron van a szülinapja a gyereketeknek? Barátok szanaszét? Jól jönne valami, [&hellip;]</p>
